) to base 9
-124
6 (base 9) to base 5
11
What is -8 (base 16) in base 6?
-12
2 (base 9) to base 3
2
1 (base 8) to base 12
1
What is 2 (base 7) in base 12?
2
What is 72 (base 9) in base 14?
49
What is -88 (base 14) in base 11?
-aa
Convert -123 (base 7) to base 13.
-51
1 (base 2) to base 12
1
What is 31 (base 6) in base 2?
10011
Convert -200 (base 3) to base 15.
-13
Convert 48 (base 13) to base 15.
40
What is 125 (base 7) in base 16?
44
-28 (base 14) to base 13
-2a
5 (base 7) to base 6
5
Convert -110 (base 2) to base 16.
-6
-212 (base 5) to base 7
-111
-15 (base 8) to base 10
-13
1 (base 3) to base 16
1
22 (base 16) to base 10
34
-43 (base 10) to base 14
-31
What is -4 (base 13) in base 6?
-4
0 (base 11) to base 4
0
Convert -1 (base 13) to base 16.
-1
3 (base 9) to base 13
3
What is 6 (base 14) in base 16?
6
What is c5 (base 15) in base 11?
159
Convert -34 (base 8) to base 3.
-1001
4 (base 8) to base 7
4
Convert 92 (base 10) to base 5.
332
-5 (base 8) to base 2
-101
What is 0 (base 14) in base 9?
0
What is 220 (base 3) in base 9?
26
Convert 30 (base 7) to base 16.
15
What is -31 (base 4) in base 9?
-14
Convert 3 (base 8) to base 4.
3
-69 (base 11) to base 14
-55
-13 (base 9) to base 3
-110
0 (base 11) to base 6
0
-4 (base 5) to base 13
-4
-114 (base 13) to base 3
-20220
Convert -7 (base 12) to base 14.
-7
Convert -20 (base 11) to base 4.
-112
What is -3 (base 16) in base 11?
-3
Convert 0 (base 7) to base 3.
0
What is 202 (base 4) in base 13?
28
-4 (base 7) to base 12
-4
What is -3 (base 15) in base 8?
-3
Convert -1 (base 6) to base 2.
-1
What is -6 (base 14) in base 11?
-6
Convert 1 (base 6) to base 8.
1
Convert -12 (base 10) to base 5.
-22
What is -2 (base 13) in base 12?
-2
What is -63 (base 7) in base 5?
-140
Convert 7 (base 12) to base 6.
11
-6 (base 8) to base 10
-6
Convert 101 (base 2) to base 14.
5
What is 103 (base 5) in base 15?
1d
What is -4 (base 14) in base 10?
-4
-2 (base 14) to base 16
-2
What is -17 (base 13) in base 3?
-202
Convert 5 (base 6) to base 13.
5
Convert 0 (base 7) to base 14.
0
a (base 16) to base 2
1010
Convert 2 (base 6) to base 15.
2
-10 (base 5) to base 15
-5
What is 19 (base 13) in base 12?
1a
Convert 102 (base 3) to base 12.
b
11 (base 9) to base 4
22
Convert 63 (base 8) to base 16.
33
-7a (base 14) to base 8
-154
What is -7 (base 10) in base 14?
-7
What is -6b (base 12) in base 4?
-1103
What is 13 (base 8) in base 5?
21
Convert 3 (base 14) to base 9.
3
-16 (base 14) to base 6
-32
-101 (base 2) to base 3
-12
-100 (base 5) to base 8
-31
Convert -91 (base 11) to base 4.
-1210
Convert -12 (base 5) to base 10.
-7
12 (base 8) to base 7
13
66 (base 11) to base 2
1001000
-bb (base 16) to base 8
-273
-1 (base 8) to base 11
-1
Convert 12 (base 3) to base 5.
10
What is 11313 (base 4) in base 7?
1044
11 (base 7) to base 13
8
1021 (base 3) to base 4
202
116 (base 8) to base 10
78
1111110 (base 2) to base 5
1001
20 (base 3) to base 12
6
103 (base 4) to base 12
17
17b (base 12) to base 10
239
Convert 16 (base 10) to base 15.
11
What is -22 (base 6) in base 11?
-13
What is -30 (base 9) in base 3?
-1000
Convert 20 (base 13) to base 2.
11010
Convert -50 (base 13) to base 5.
-230
233 (base 5) to base 3
2112
What is -1 (base 4) in base 9?
-1
What is 31 (base 5) in base 6?
24
-22 (base 4) to base 11
-a
What is 209 (base 10) in base 5?
1314
What is 20 (base 3) in base 5?
11
Convert -3 (base 11) to base 3.
-10
Convert -1 (base 15) to base 5.
-1
Convert 1 (base 13) to base 6.
1
What is 30 (base 4) in base 3?
110
3 (base 11) to base 4
3
Convert 257 (base 10) to base 4.
10001
What is 1200 (base 3) in base 8?
55
What is 55 (base 10) in base 15?
3a
What is -131 (base 4) in base 5?
-104
Convert -27 (base 12) to base 11.
-29
-6 (base 10) to base 16
-6
Convert -24 (base 10) to base 11.
-22
What is -2 (base 16) in base 15?
-2
-33 (base 11) to base 5
-121
12 (base 11) to base 10
13
Convert 5a (base 12) to base 14.
50
0 (base 4) to base 8
0
Convert 0 (base 5) to base 12.
0
-12 (base 12) to base 13
-11
3 (base 12) to base 8
3
Convert -1 (base 16) to base 5.
-1
What is -19 (base 10) in base 14?
-15
What is 0 (base 5) in base 2?
0
-1 (base 11) to base 16
-1
Convert 11 (base 8) to base 10.
9
Convert -3 (base 15) to base 10.
-3
Convert -160 (base 12) to base 14.
-116
What is 10 (base 11) in base 7?
14
What is 10 (base 8) in base 13?
8
0 (base 2) to base 14
0
Convert -11 (base 2) to base 12.
-3
0 (base 3) to base 10
0
-2111 (base 4) to base 6
-405
-42 (base 7) to base 12
-26
Convert -3 (base 13) to base 7.
-3
10 (base 5) to base 7
5
What is -10011 (base 2) in base 15?
-14
Convert 12 (base 11) to base 15.
d
25 (base 7) to base 8
23
What is -84 (base 10) in base 3?
-10010
What is -56 (base 8) in base 7?
-64
What is 12 (base 5) in base 11?
7
What is 20 (base 7) in base 10?
14
34 (base 9) to base 6
51
27 (base 9) to base 16
19
Convert 23 (base 9) to base 12.
19
Convert 14 (base 9) to base 6.
21
Convert -32 (base 6) to base 4.
-110
What is -1 (base 16) in base 14?
-1
What is 10 (base 9) in base 15?
9
What is 3 (base 9) in base 16?
3
-67 (base 15) to base 5
-342
What is -3122 (base 4) in base 8?
-332
Convert 10 (base 4) to base 15.
4
111010 (base 2) to base 9
64
10 (base 11) to base 12
b
6 (base 12) to base 13
6
5 (base 10) to base 7
5
Convert -5 (base 10) to base 15.
-5
Convert -100000100 (base 2) to base 4.
-10010
Convert -73 (base 15) to base 2.
-1101100
Convert 2 (base 8) to base 2.
10
What is 77 (base 11) in base 8?
124
-1 (base 3) to base 10
-1
-12 (base 4) to base 6
-10
-55 (base 8) to base 5
-140
Convert 2 (base 6) to base 4.
2
Convert 41 (base 15) to base 16.
3d
Convert 87 (base 11) to base 15.
65
Convert 1 (base 2) to base 15.
1
Convert -12 (base 5) to base 3.
-21
6 (base 13) to base 10
6
What is 46 (base 11) in base 16?
32
What is 1 (base 10) in base 12?
1
100121 (base 3) to base 16
103
Convert 12 (base 15) to base 2.
10001
-20 (base 9) to base 5
-33
Convert 9 (base 11) to base 6.
13
What is -9 (base 10) in base 9?
-10
3 (base 14) to base 3
10
What is 45 (base 14) in base 15?
41
65 (base 7) to base 14
35
-10 (base 2) to base 11
-2
202 (base 3) to base 4
110
What is -10 (base 3) in base 12?
-3
Convert 14e (base 16) to base 9.
411
-10 (base 5) to base 13
-5
0 (base 9) to base 5
0
Convert -1a (base 15) to base 9.
-27
What is 43 (base 5) in base 10?
23
What is 34 (base 7) in base 8?
31
What is 232 (base 4) in base 15?
31
Convert 1011010 (base 2) to base 4.
1122
What is -4 (base 11) in base 15?
-4
-11 (base 4) to base 11
-5
-d4 (base 15) to base 7
-403
-12 (base 5) to base 8
-7
-42 (base 9) to base 13
-2c
What is -4 (base 15) in base 14?
-4
331 (base 7) to base 12
121
-9 (base 13) to base 14
-9
102 (base 11) to base 12
a3
-3 (base 12) to base 6
-3
Convert 65 (base 11) to base 16.
47
What is 2 (base 8) in base 2?
10
What is 3 (base 5) in base 14?
3
What is 11 (base 2) in base 11?
3
What is -2c (base 13) in base 5?
-123
30 (base 10) to base 7
42
What is -11 (base 11) in base 6?
-20
-221 (base 9) to base 4
-2311
What is 27 (base 11) in base 6?
45
Convert 0 (base 11) to base 6.
0
What is 2 (base 12) in base 2?
10
What is -1a (base 15) in base 16?
-19
Convert 21 (base 10) to base 5.
41
-12 (base 7) to base 16
-9
3 (base 4) to base 2
11
-2 (base 12) to base 4
-2
Convert -39 (base 11) to base 14.
-30
Convert 5 (base 6) to base 14.
5
-54 (base 7) to base 5
-124
Convert 1 (base 12) to base 9.
1
1210 (base 3) to base 6
120
Convert 2 (base 9) to base 5.
2
4 (base 15) to base 5
4
-1 (base 8) to base 13
-1
Convert -22 (base 10) to base 15.
-17
What is -20 (base 14) in base 16?
-1c
What is 282 (base 9) in base 8?
354
Convert 1 (base 6) to base 4.
1
82 (base 14) to base 15
79
Convert 15 (base 8) to base 5.
23
-40 (base 5) to base 8
-24
What is -50 (base 6) in base 15?
-20
What is -33 (base 7) in base 8?
-30
-3 (base 10) to base 14
-3
Convert cd (base 16) to base 15.
da
What is -225 (base 6) in base 4?
-1121
-6 (base 15) to base 10
-6
Convert -501 (base 6) to base 12.
-131
Convert -2 (base 3) to base 13.
-2
Convert 2 (base 12) to base 4.
2
-1 (base 14) to base 11
-1
What is 13 (base 8) in base 4?
23
-12 (base 15) to base 9
-18
Convert -1b6 (base 12) to base 15.
-13c
Convert -86 (base 16) to base 6.
-342
-78 (base 16) to base 7
-231
Convert 11011110 (base 2) to b